-6)/(-3) + -2. Let l = m + -15. Suppose -u + 2*y + l = -3*y, 0 = -2*u - 5*y + 27. What are the prime factors of u?
2
Suppose -3*q = -2*q - 4. Suppose 3*p = -2*j + 19, q*j = 3*j + 3*p - 4. Suppose 0 = j*u + 18 - 138. List the prime factors of u.
2, 3
Let f(d) = 17*d**2 - 6*d + 5. What are the prime factors of f(-6)?
653
What are the prime factors of (-3826 - 1)*(2 - 3)?
43, 89
Let w(h) = 2*h - 13. Let r be w(8). Suppose r*y - 103 = -3*k + 2*y, 0 = 4*k - 2*y - 154. List the prime factors of k.
2, 3
Suppose -2*k + 4*k = 20. Suppose k*b = -9*b + 1444. What are the prime factors of b?
2, 19
Suppose -3*t + 13 = -5*g, 3*t + g = 5*t + 3. Let j(i) = -i**3 + i**2 - 7. Let r be j(0). Let w = t - r. List the prime factors of w.
3
Let k be (-76)/(-3)*(0 + 6). What are the prime factors of (-8 + k/10)/(4/10)?
2, 3
Let y(v) = v**3 + 69*v**2 + 106*v - 10. What are the prime factors of y(-66)?
2, 7, 433
Let j be (1 - (2 - -1)) + -4. Let o be 1/(4 - (-9)/(-2)). Let m = o - j. What are the prime factors of m?
2
Suppose -6*x - 2 = -2. Suppose b + b = 5*s + 156, -3*b + 2*s + 256 = x. List the prime factors of b.
2, 11
Let k(c) = -5*c + 7. Let y be k(-3). Suppose d - x = y, -3*d - 89 = -7*d + 3*x. What are the prime factors of d - (-3)/(1 - 0)?
2, 13
Suppose -4*d + 10*d - 1602 = 0. What are the prime factors of d?
3, 89
Let z = 718 - 405. What are the prime factors of z?
313
Let n(k) = k**3 - 9*k**2 + 8*k + 5. Let v be n(7). Let t = -13 - v. Suppose -2*i = 2*c + c - 12, -4*i + t = -4*c. List the prime factors of i.
2, 3
Let s(o) = -o**3 - 3*o**2 + 4. Let r(b) = b**2 - 8*b. Let v be r(8). Suppose -3*f - 12 = -v. List the prime factors of s(f).
2, 5
Let k(t) be the third derivative of 29*t**5/60 + t**4/24 + t**3/6 - 2*t**2. Let i be 9/(-3) + (12/(-2))/(-3). What are the prime factors of k(i)?
29
Let v = -87 + 374. What are the prime factors of v?
7, 41
Let z(u) = u**3 - u**2 + 9. Let l be z(0). Let m be (-6)/(l/(-2) + 3). Suppose y = -m*c + 7 + 9, 4*y - 8 = -2*c. List the prime factors of c.
2
Suppose 4 - 3 = l, l = -j + 66. What are the prime factors of j?
5, 13
Let q be 22/3 + (-3)/9. Suppose q*z - 35 = 448. What are the prime factors of z?
3, 23
Suppose 7 = 3*z + 1. Suppose 0 = -2*h + 6 + z. What are the prime factors of (-12)/(-2) + (h - 1)?
3
Let x(p) = 2*p**3 + 41*p**2 + 34*p - 21. List the prime factors of x(-12).
3, 673
Let d = -1290 - -1385. List the prime factors of d.
5, 19
Let y = -7 + 14. What are the prime factors of y?
7
Suppose 4*w = -107 + 751. Let f(r) = 27*r + 2. Let z be f(-3). Let n = w + z. What are the prime factors of n?
2, 41
Let c = 2 + -18. Let a = 19 + c. Suppose -4*p = 4*z + 4 - 148, 0 = -a*z - 4*p + 106. List the prime factors of z.
2, 19
Let f(v) be the first derivative of -2 + 1/4*v**4 - 2*v**2 + 2*v**3 - 2*v. What are the prime factors of f(-6)?
2, 11
Let q(a) be the second derivative of a**5/20 + 5*a**4/6 + 2*a**3/3 - 5*a**2/2 - 477*a. Suppose 3*v + 9 = 2*v. List the prime factors of q(v).
2, 5
List the prime factors of 2123/2 + 180/40.
2, 13, 41
Suppose -2*z - 62 = 2*w, z - 4*z = w + 35. Let m = w + 20. Let y = m - -32. What are the prime factors of y?
23
Let v(j) be the second derivative of -j**3/3 + 11*j**2/2 + 9*j. Let c be v(-8). Suppose -3*k = -9, y - k - k = c. List the prime factors of y.
3, 11
Suppose -6*r + 2673 = -105. What are the prime factors of r?
463
Let m = -18 - -358. What are the prime factors of m?
2, 5, 17
Suppose 23*l - 371 = 22*l. List the prime factors of l.
7, 53
Let x be 1/((9/(-213))/(-3)). Let m = -5 + x. Suppose -3*o + o = -2*j - 34, -3*j = -4*o + m. List the prime factors of o.
3, 5
Let z be (1 - -2 - 1)*(-2 - 35). Let y = z - -135. What are the prime factors of y?
61
Suppose 0 = 3*d - 4*t - 59, -d + 10 = -t - 8. Suppose 0 = d*b - 11*b + 732. What are the prime factors of (-2)/(-3) + b/(-18)?
3, 7
Let c(t) = 1952*t + 123. List the prime factors of c(2).
4027
Suppose -2*x - 146 = -490. List the prime factors of x.
2, 43
Suppose -2*o + 3*v = 2*v + 3, o - v = 0. Let x be -62*o/6 + 3. Suppose -4*t + x = -62. List the prime factors of t.
2, 3
Suppose 0 = -2*r - 13*r + 8100. List the prime factors of r.
2, 3, 5
Let c be ((-2)/4)/((-3)/228). Suppose 0 = -x - 2*x + 138. Suppose -4*q + x = -c. What are the prime factors of q?
3, 7
Suppose 0*a + 3*j = 3*a - 2682, -2 = -2*j. Suppose 3*d - a = -2*d. What are the prime factors of d?
179
Let g = -20 - -21. Suppose l - 4*y + 9*y = g, -2 = -l - 4*y. What are the prime factors of l?
2, 3
Let j(m) = 2*m**3 - m**2 + 2*m - 1. Let u be j(1). Suppose v + 3*d - 46 = -v, 2*v - u*d - 36 = 0. Suppose 0*o = o - v. List the prime factors of o.
2, 5
Let y(g) = g**2 + 10*g - 18. Let w be y(-12). Suppose -l = 2*v - 207, 5*v - w*l + 4*l - 540 = 0. What are the prime factors of v?
2, 53
Let b be (-1)/(-2) + (-5)/((-30)/87). What are the prime factors of 159*3/b + (-3)/(-15)?
2
Let r = -442 + 914. What are the prime factors of r?
2, 59
Let k(a) = a**3 + a**2 - a + 1. Let s be -4 + 4 - (2 + -3). Let r be k(s). Suppose 19 = r*g - 25. List the prime factors of g.
2, 11
Let u(d) = 5*d - 5. Let a be (4/(-6))/((-8)/48). Let l be u(a). List the prime factors of 6/l + (-123)/(-5).
5
Let j = 14 - 9. Let k = 74 - j. What are the prime factors of k?
3, 23
Let f(s) = -4*s - 15. Let h be f(-5). Suppose 4*p + 10 = 2*v, -h*v + 2*v + 5*p + 14 = 0. Let r(n) = 2*n**3 - 2*n**2 - 4*n + 2. List the prime factors of r(v).
2, 13
Suppose -k + 86 + 14 = -2*m, 161 = -3*m - 4*k. Let z(s) = 17*s + 5. Let j be z(4). Let t = j + m. List the prime factors of t.
2, 11
Let u(x) = 3*x**3 - 8*x + 8. Let m(a) = -5*a**3 + a**2 + 15*a - 15. Let q = -23 - -16. Let l(p) = q*u(p) - 4*m(p). List the prime factors of l(-4).
2, 5
Let z(x) = x**2 - 23*x + 242. What are the prime factors of z(-48)?
2, 5, 73
Suppose -2*o + 4*w - 28 = 0, 4*w + 6 = 22. List the prime factors of 46 - -1 - -1*(o - -5).
2, 23
Suppose -w + 11*w = 9*w. Suppose w = 3*v - 3*p - 396, -3*p = -5*v + 629 + 35. What are the prime factors of v?
2, 67
Let r(y) be the first derivative of -8 + 2/3*y**3 + 5*y - 5/2*y**2. What are the prime factors of r(4)?
17
What are the prime factors of (-184)/3*(-62 + 53)?
2, 3, 23
Let t be 3451/21 + (-2)/(-6)*2. Let k = 318 - t. List the prime factors of k.
3, 17
Suppose -2*x - x + 21 = 0. Let h be (1/3)/(x/(-21)). What are the prime factors of 9/3*(h + 2)?
3
Suppose -23*z = -2*z - 10080. List the prime factors of z.
2, 3, 5
Let j(u) = -u**3 - 13*u**2 + 15*u - 10. Let d be j(-14). Let b be d/8*68/(-6). Suppose -4*q + 6 = -b. List the prime factors of q.
2, 5
Let p = 16 + -13. Suppose -p*c = -41 + 11. What are the prime factors of c?
2, 5
Let n be 3 + ((-3 + 3)/(-1) - 1). Suppose -5*c = 5*u - 765, -3*c - 303 = -2*u - n*c. What are the prime factors of u?
2, 19
Suppose -16 = -4*h, -15*r + 4*h - 5392 = -16*r. What are the prime factors of r?
2, 3, 7
Let s(x) = -5*x**3 + 3*x**2 - 13*x - 57. What are the prime factors of s(-5)?
2, 3, 59
Let v(x) = 0 + 3 + x**2 + 8*x - 1 + 2*x. What are the prime factors of v(-11)?
13
Let u = 3992 - 2067. List the prime factors of u.
5, 7, 11
Let t = -1 - -1. Let u(m) = m + 5. Let x be u(-3). Suppose x*q + 2 - 16 = t. What are the prime factors of q?
7
List the prime factors of (-15)/(30/8) - -511.
3, 13
Let r be (1*-42)/(1/(-2)). Suppose 108 + 442 = -10*c. Let z = c + r. List the prime factors of z.
29
Let c = -164 - -162. List the prime factors of c*(-9)/54 + 401/3.
2, 67
Let d be (-1)/(-3 - 44/(-16)). Let y be -3 + (-75 - 1)/d. List the prime factors of (y/(-3))/((-8)/(-12)).
11
Suppose 0 = -2*g - 4*c + 30, -35 = -3*g + c - 5*c. Suppose -2*r - 4*v + 36 = 0, v = g*r + 2*v - 90. What are the prime factors of r?
2, 3
Let m(w) = -2*w**3 + 8*w**2 + 4389. What are the prime factors of m(0)?
3, 7, 11, 19
Suppose -x + 14 = 16. Let i(n) = 20*n**2 + 2*n + 2. What are the prime factors of i(x)?
2, 3, 13
Let g(y) = y**2 + 7*y + 5. Suppose 3*z + 0*z = 3*l - 120, -5*z = l - 40. Suppose -u + l = -6*u. List the prime factors of g(u).
13
Let y(z) = -z**3 - 36*z**2 + 71*z + 27. List the prime factors of y(-38).
7, 31
Let j be (-12)/(2/(6/3)). Let f(p) be the second derivative of p**5/20 + 13*p**4/12 + 2*p**3 + 4*p**2 - 9*p. What are the prime factors of f(j)?
2
Let c(u) = -16*u + 278. What are the prime factors of